{"id":9,"date":"2015-08-14T16:48:12","date_gmt":"2015-08-14T14:48:12","guid":{"rendered":"http:\/\/www.duomocenter.com\/portal\/?page_id=9"},"modified":"2015-11-09T19:20:12","modified_gmt":"2015-11-09T17:20:12","slug":"chi-siamo","status":"publish","type":"page","link":"http:\/\/www.duomocenter.com\/portal\/chi-siamo\/","title":{"rendered":"Negozio"},"content":{"rendered":"<p>Benvenuti al Duomo Center,<\/p>\n<p>in un mondo di passione, colore e fantasia\u2026<\/p>\n<p>La nostra cartoleria \u00e8 principalmente a conduzione familiare, abbiamo iniziato questa avventura nel settembre del \u00a02000, cogliendo al volo un\u2019avventura, che ogni giorno viviamo intensamente.<\/p>\n<p>Grazie a preziosi e validi collaboratori la famiglia si \u00e8 allargata e il nostro staff \u00e8 pronto per accogliervi con professionalit\u00e0 e simpatia.<\/p>\n<p>Il nostro negozio \u00e8 ricco di tanti prodotti per:<\/p>\n<ul>\n<li>l\u2019ufficio, per renderlo pi\u00f9 funzionale e pratico<\/li>\n<li>la scuola, per viverla con divertimento e variet\u00e0<\/li>\n<li>regalo, per ricercarlo con consigli e particolarit\u00e0<\/li>\n<li>la casa, per decorarla con gusto e raffinatezza<\/li>\n<li>il packaging, per creare con la fantasia<\/li>\n<\/ul>\n<p>Trattiamo i principali marchi di qualit\u00e0 della cartoleria, ma siamo sempre alla ricerca di nuovi e ricercati fornitori per offrirvi sempre nuovi spunti accattivanti per i vostri acquisti\u2026 con\u00a0 brand di tendenza.<\/p>\n<h3 class=\"p1\" style=\"text-align: left;\"><\/h3>\n<p>&nbsp;<\/p>\n<p style=\"text-align: center;\"><span style=\"text-decoration: underline;\">Siamo <em><strong>Seven point<\/strong><\/em> e offriamo linee esclusive e di qualit\u00e0 riservate alle cartolerie.<\/span><\/p>\n<p><img loading=\"lazy\" decoding=\"async\" class=\" wp-image-74 aligncenter\" src=\"http:\/\/www.duomocenter.com\/portal\/wp-content\/uploads\/2015\/08\/seven_point-300x177.jpg\" alt=\"seven_point\" width=\"136\" height=\"80\" srcset=\"http:\/\/www.duomocenter.com\/portal\/wp-content\/uploads\/2015\/08\/seven_point-300x177.jpg 300w, http:\/\/www.duomocenter.com\/portal\/wp-content\/uploads\/2015\/08\/seven_point.jpg 879w\" sizes=\"auto, (max-width: 136px) 100vw, 136px\" \/><\/p>\n<p>&nbsp;<\/p>\n<h2 style=\"text-align: center;\">Alcuni marchi trattati<\/h2>\n<h2><\/h2>\n<p><a href=\"http:\/\/www.duomocenter.com\/portal\/wp-content\/uploads\/2015\/08\/Stabilo-logo.jpg\"><img loading=\"lazy\" decoding=\"async\" class=\"alignnone wp-image-63\" src=\"http:\/\/www.duomocenter.com\/portal\/wp-content\/uploads\/2015\/08\/molkesine-300x80.jpg\" alt=\"molkesine\" width=\"143\" height=\"38\" srcset=\"http:\/\/www.duomocenter.com\/portal\/wp-content\/uploads\/2015\/08\/molkesine-300x80.jpg 300w, http:\/\/www.duomocenter.com\/portal\/wp-content\/uploads\/2015\/08\/molkesine-1024x273.jpg 1024w, http:\/\/www.duomocenter.com\/portal\/wp-content\/uploads\/2015\/08\/molkesine.jpg 1043w\" sizes=\"auto, (max-width: 143px) 100vw, 143px\" \/><img loading=\"lazy\" decoding=\"async\" class=\"alignnone wp-image-53\" src=\"http:\/\/www.duomocenter.com\/portal\/wp-content\/uploads\/2015\/08\/ochranna-kohinoor-300x112.jpg\" alt=\"ochranna-kohinoor\" width=\"142\" height=\"53\" srcset=\"http:\/\/www.duomocenter.com\/portal\/wp-content\/uploads\/2015\/08\/ochranna-kohinoor-300x112.jpg 300w, http:\/\/www.duomocenter.com\/portal\/wp-content\/uploads\/2015\/08\/ochranna-kohinoor.jpg 800w\" sizes=\"auto, (max-width: 142px) 100vw, 142px\" \/><img loading=\"lazy\" decoding=\"async\" class=\"alignnone wp-image-51\" src=\"http:\/\/www.duomocenter.com\/portal\/wp-content\/uploads\/2015\/08\/Stabilo-logo-300x121.jpg\" alt=\"Stabilo-logo\" width=\"141\" height=\"57\" srcset=\"http:\/\/www.duomocenter.com\/portal\/wp-content\/uploads\/2015\/08\/Stabilo-logo-300x121.jpg 300w, http:\/\/www.duomocenter.com\/portal\/wp-content\/uploads\/2015\/08\/Stabilo-logo.jpg 387w\" sizes=\"auto, (max-width: 141px) 100vw, 141px\" \/><img loading=\"lazy\" decoding=\"async\" class=\"alignnone wp-image-70\" src=\"http:\/\/www.duomocenter.com\/portal\/wp-content\/uploads\/2015\/08\/logo-brand-scout.png\" alt=\"logo-brand-scout\" width=\"94\" height=\"52\" \/><img loading=\"lazy\" decoding=\"async\" class=\"alignnone wp-image-52\" src=\"http:\/\/www.duomocenter.com\/portal\/wp-content\/uploads\/2015\/08\/LogoFila-300x88.jpg\" alt=\"LogoFila\" width=\"133\" height=\"39\" srcset=\"http:\/\/www.duomocenter.com\/portal\/wp-content\/uploads\/2015\/08\/LogoFila-300x88.jpg 300w, http:\/\/www.duomocenter.com\/portal\/wp-content\/uploads\/2015\/08\/LogoFila.jpg 849w\" sizes=\"auto, (max-width: 133px) 100vw, 133px\" \/><img loading=\"lazy\" decoding=\"async\" class=\"alignnone wp-image-114\" src=\"http:\/\/www.duomocenter.com\/portal\/wp-content\/uploads\/2015\/08\/Waterman-300x216.jpg\" alt=\"Waterman\" width=\"82\" height=\"59\" srcset=\"http:\/\/www.duomocenter.com\/portal\/wp-content\/uploads\/2015\/08\/Waterman-300x216.jpg 300w, http:\/\/www.duomocenter.com\/portal\/wp-content\/uploads\/2015\/08\/Waterman.jpg 502w\" sizes=\"auto, (max-width: 82px) 100vw, 82px\" \/><img loading=\"lazy\" decoding=\"async\" class=\"alignnone wp-image-58\" src=\"http:\/\/www.duomocenter.com\/portal\/wp-content\/uploads\/2015\/08\/Filofax-300x130.jpg\" alt=\"Filofax\" width=\"131\" height=\"57\" srcset=\"http:\/\/www.duomocenter.com\/portal\/wp-content\/uploads\/2015\/08\/Filofax-300x130.jpg 300w, http:\/\/www.duomocenter.com\/portal\/wp-content\/uploads\/2015\/08\/Filofax.jpg 640w\" sizes=\"auto, (max-width: 131px) 100vw, 131px\" \/><img loading=\"lazy\" decoding=\"async\" class=\"alignnone wp-image-60\" src=\"http:\/\/www.duomocenter.com\/portal\/wp-content\/uploads\/2015\/08\/logo_orna-300x69.jpg\" alt=\"logo_orna\" width=\"122\" height=\"28\" srcset=\"http:\/\/www.duomocenter.com\/portal\/wp-content\/uploads\/2015\/08\/logo_orna-300x69.jpg 300w, http:\/\/www.duomocenter.com\/portal\/wp-content\/uploads\/2015\/08\/logo_orna.jpg 1024w\" sizes=\"auto, (max-width: 122px) 100vw, 122px\" \/><img loading=\"lazy\" decoding=\"async\" class=\"alignnone wp-image-59\" src=\"http:\/\/www.duomocenter.com\/portal\/wp-content\/uploads\/2015\/08\/logoInTEMPO-firenze.png\" alt=\"logoInTEMPO-firenze\" width=\"114\" height=\"31\" \/><img loading=\"lazy\" decoding=\"async\" class=\"alignnone wp-image-50\" src=\"http:\/\/www.duomocenter.com\/portal\/wp-content\/uploads\/2015\/08\/fc_logo_red-300x110.jpg\" alt=\"fc_logo_red\" width=\"95\" height=\"35\" \/><img loading=\"lazy\" decoding=\"async\" class=\"alignnone wp-image-65\" src=\"http:\/\/www.duomocenter.com\/portal\/wp-content\/uploads\/2015\/08\/cangini_filippi_logo.gif\" alt=\"cangini_filippi_logo\" width=\"85\" height=\"62\" \/><img loading=\"lazy\" decoding=\"async\" class=\"alignnone wp-image-64\" src=\"http:\/\/www.duomocenter.com\/portal\/wp-content\/uploads\/2015\/08\/kaos-300x152.jpg\" alt=\"kaos\" width=\"87\" height=\"44\" srcset=\"http:\/\/www.duomocenter.com\/portal\/wp-content\/uploads\/2015\/08\/kaos-300x152.jpg 300w, http:\/\/www.duomocenter.com\/portal\/wp-content\/uploads\/2015\/08\/kaos.jpg 340w\" sizes=\"auto, (max-width: 87px) 100vw, 87px\" \/><img loading=\"lazy\" decoding=\"async\" class=\"alignnone wp-image-66\" src=\"http:\/\/www.duomocenter.com\/portal\/wp-content\/uploads\/2015\/08\/Pigna_LOGO-300x200.jpg\" alt=\"Pigna_LOGO\" width=\"89\" height=\"59\" srcset=\"http:\/\/www.duomocenter.com\/portal\/wp-content\/uploads\/2015\/08\/Pigna_LOGO-300x200.jpg 300w, http:\/\/www.duomocenter.com\/portal\/wp-content\/uploads\/2015\/08\/Pigna_LOGO.jpg 450w\" sizes=\"auto, (max-width: 89px) 100vw, 89px\" \/><img loading=\"lazy\" decoding=\"async\" class=\"alignnone wp-image-67\" src=\"http:\/\/www.duomocenter.com\/portal\/wp-content\/uploads\/2015\/08\/loghi_osama-16-300x114-300x114.png\" alt=\"loghi_osama-16-300x114\" width=\"95\" height=\"36\" \/><img loading=\"lazy\" decoding=\"async\" class=\"alignnone wp-image-68\" src=\"http:\/\/www.duomocenter.com\/portal\/wp-content\/uploads\/2015\/08\/pilot-300x118.jpg\" alt=\"pilot\" width=\"84\" height=\"33\" srcset=\"http:\/\/www.duomocenter.com\/portal\/wp-content\/uploads\/2015\/08\/pilot-300x118.jpg 300w, http:\/\/www.duomocenter.com\/portal\/wp-content\/uploads\/2015\/08\/pilot.jpg 800w\" sizes=\"auto, (max-width: 84px) 100vw, 84px\" \/><img loading=\"lazy\" decoding=\"async\" class=\"alignnone wp-image-73\" src=\"http:\/\/www.duomocenter.com\/portal\/wp-content\/uploads\/2015\/08\/Logo_Legami-300x202.jpg\" alt=\"Logo_Legami\" width=\"86\" height=\"58\" srcset=\"http:\/\/www.duomocenter.com\/portal\/wp-content\/uploads\/2015\/08\/Logo_Legami-300x202.jpg 300w, http:\/\/www.duomocenter.com\/portal\/wp-content\/uploads\/2015\/08\/Logo_Legami.jpg 316w\" sizes=\"auto, (max-width: 86px) 100vw, 86px\" \/><img loading=\"lazy\" decoding=\"async\" class=\"alignnone wp-image-71\" src=\"http:\/\/www.duomocenter.com\/portal\/wp-content\/uploads\/2015\/08\/ergobag.png\" alt=\"ergobag\" width=\"101\" height=\"32\" \/><img loading=\"lazy\" decoding=\"async\" class=\"alignnone wp-image-72\" src=\"http:\/\/www.duomocenter.com\/portal\/wp-content\/uploads\/2015\/08\/Logo_of_Burton_Snowboards-300x70.jpg\" alt=\"Logo_of_Burton_Snowboards\" width=\"133\" height=\"31\" srcset=\"http:\/\/www.duomocenter.com\/portal\/wp-content\/uploads\/2015\/08\/Logo_of_Burton_Snowboards-300x70.jpg 300w, http:\/\/www.duomocenter.com\/portal\/wp-content\/uploads\/2015\/08\/Logo_of_Burton_Snowboards.jpg 653w\" sizes=\"auto, (max-width: 133px) 100vw, 133px\" \/><img loading=\"lazy\" decoding=\"async\" class=\"alignnone wp-image-69\" src=\"http:\/\/www.duomocenter.com\/portal\/wp-content\/uploads\/2015\/08\/franco_cosimo_panini-300x122.jpeg\" alt=\"franco_cosimo_panini\" width=\"106\" height=\"43\" srcset=\"http:\/\/www.duomocenter.com\/portal\/wp-content\/uploads\/2015\/08\/franco_cosimo_panini-300x122.jpeg 300w, http:\/\/www.duomocenter.com\/portal\/wp-content\/uploads\/2015\/08\/franco_cosimo_panini.jpeg 353w\" sizes=\"auto, (max-width: 106px) 100vw, 106px\" \/><\/a>\u00a0\u00a0<a href=\"http:\/\/www.duomocenter.com\/portal\/wp-content\/uploads\/2015\/08\/Logo_Pelikan_blau_G04.gif\"><img loading=\"lazy\" decoding=\"async\" class=\"alignnone wp-image-115\" src=\"http:\/\/www.duomocenter.com\/portal\/wp-content\/uploads\/2015\/08\/Logo_Pelikan_blau_G04-300x96.gif\" alt=\"Logo_Pelikan_blau_G04\" width=\"163\" height=\"52\" \/><\/a><a href=\"http:\/\/www.duomocenter.com\/portal\/wp-content\/uploads\/2015\/08\/Rotring_logo.png\"><img loading=\"lazy\" decoding=\"async\" class=\"alignnone wp-image-116\" src=\"http:\/\/www.duomocenter.com\/portal\/wp-content\/uploads\/2015\/08\/Rotring_logo-300x99.png\" alt=\"Rotring_logo\" width=\"133\" height=\"44\" srcset=\"http:\/\/www.duomocenter.com\/portal\/wp-content\/uploads\/2015\/08\/Rotring_logo-300x99.png 300w, http:\/\/www.duomocenter.com\/portal\/wp-content\/uploads\/2015\/08\/Rotring_logo.png 450w\" sizes=\"auto, (max-width: 133px) 100vw, 133px\" \/><\/a>\u00a0\u00a0<a href=\"http:\/\/www.duomocenter.com\/portal\/wp-content\/uploads\/2015\/08\/Caran_d_Ache_Logo.png\"><img loading=\"lazy\" decoding=\"async\" class=\"alignnone wp-image-117\" src=\"http:\/\/www.duomocenter.com\/portal\/wp-content\/uploads\/2015\/08\/Caran_d_Ache_Logo-300x300.png\" alt=\"Caran_d_Ache_Logo\" width=\"68\" height=\"68\" srcset=\"http:\/\/www.duomocenter.com\/portal\/wp-content\/uploads\/2015\/08\/Caran_d_Ache_Logo-300x300.png 300w, http:\/\/www.duomocenter.com\/portal\/wp-content\/uploads\/2015\/08\/Caran_d_Ache_Logo-150x150.png 150w, http:\/\/www.duomocenter.com\/portal\/wp-content\/uploads\/2015\/08\/Caran_d_Ache_Logo.png 906w\" sizes=\"auto, (max-width: 68px) 100vw, 68px\" \/><\/a>\u00a0 \u00a0<a href=\"http:\/\/www.duomocenter.com\/portal\/wp-content\/uploads\/2015\/08\/JOLLY_Logo_WBM-4c_2012.jpg\"><img loading=\"lazy\" decoding=\"async\" class=\"alignnone wp-image-119\" src=\"http:\/\/www.duomocenter.com\/portal\/wp-content\/uploads\/2015\/08\/JOLLY_Logo_WBM-4c_2012-300x142.jpg\" alt=\"JOLLY_Logo_WBM-4c_2012\" width=\"89\" height=\"42\" srcset=\"http:\/\/www.duomocenter.com\/portal\/wp-content\/uploads\/2015\/08\/JOLLY_Logo_WBM-4c_2012-300x142.jpg 300w, http:\/\/www.duomocenter.com\/portal\/wp-content\/uploads\/2015\/08\/JOLLY_Logo_WBM-4c_2012-1024x485.jpg 1024w\" sizes=\"auto, (max-width: 89px) 100vw, 89px\" \/><\/a><a href=\"http:\/\/www.duomocenter.com\/portal\/wp-content\/uploads\/2015\/08\/Staedtler_eps.png\"><img loading=\"lazy\" decoding=\"async\" class=\"alignnone wp-image-118\" src=\"http:\/\/www.duomocenter.com\/portal\/wp-content\/uploads\/2015\/08\/Staedtler_eps-300x300.png\" alt=\"Staedtler_eps\" width=\"83\" height=\"83\" srcset=\"http:\/\/www.duomocenter.com\/portal\/wp-content\/uploads\/2015\/08\/Staedtler_eps-300x300.png 300w, http:\/\/www.duomocenter.com\/portal\/wp-content\/uploads\/2015\/08\/Staedtler_eps-150x150.png 150w, http:\/\/www.duomocenter.com\/portal\/wp-content\/uploads\/2015\/08\/Staedtler_eps.png 550w\" sizes=\"auto, (max-width: 83px) 100vw, 83px\" \/><\/a><\/p>\n<p class=\"p1\"><span class=\"Apple-converted-space\">\u00a0<a href=\"http:\/\/www.duomocenter.com\/portal\/wp-content\/uploads\/2015\/08\/Filofax.jpg\">\u00a0 \u00a0 \u00a0 \u00a0 \u00a0<\/a>\u00a0<\/span><\/p>\n<p class=\"p1\"><span class=\"Apple-converted-space\">\u00a0 \u00a0\u00a0<\/span><\/p>\n<p class=\"p1\"><a href=\"http:\/\/www.duomocenter.com\/portal\/wp-content\/uploads\/2015\/08\/Logo_of_Burton_Snowboards.jpg\">\u00a0 \u00a0 \u00a0\u00a0<\/a><\/p>\n","protected":false},"excerpt":{"rendered":"<p>Benvenuti al Duomo Center, in un mondo di passione, colore e fantasia\u2026 La nostra cartoleria \u00e8 principalmente a conduzione familiare, abbiamo iniziato questa avventura nel settembre del \u00a02000, cogliendo al volo un\u2019avventura, che ogni giorno viviamo intensamente. Grazie a preziosi e validi collaboratori la famiglia si \u00e8 allargata e il nostro staff \u00e8 pronto per [&hellip;]<\/p>\n","protected":false},"author":2,"featured_media":136,"parent":0,"menu_order":0,"comment_status":"open","ping_status":"closed","template":"","meta":{"footnotes":""},"class_list":["post-9","page","type-page","status-publish","has-post-thumbnail","czr-hentry"],"yoast_head":"<!-- This site is optimized with the Yoast SEO plugin v27.5 - https:\/\/yoast.com\/product\/yoast-seo-wordpress\/ -->\n<title>Negozio - DuomoCenter | Trento<\/title>\n<meta name=\"robots\" content=\"index, follow, max-snippet:-1, max-image-preview:large, max-video-preview:-1\" \/>\n<link rel=\"canonical\" href=\"https:\/\/www.duomocenter.com\/portal\/chi-siamo\/\" \/>\n<meta property=\"og:locale\" content=\"it_IT\" \/>\n<meta property=\"og:type\" content=\"article\" \/>\n<meta property=\"og:title\" content=\"Negozio - DuomoCenter | Trento\" \/>\n<meta property=\"og:description\" content=\"Benvenuti al Duomo Center, in un mondo di passione, colore e fantasia\u2026 La nostra cartoleria \u00e8 principalmente a conduzione familiare, abbiamo iniziato questa avventura nel settembre del \u00a02000, cogliendo al volo un\u2019avventura, che ogni giorno viviamo intensamente. Grazie a preziosi e validi collaboratori la famiglia si \u00e8 allargata e il nostro staff \u00e8 pronto per [&hellip;]\" \/>\n<meta property=\"og:url\" content=\"https:\/\/www.duomocenter.com\/portal\/chi-siamo\/\" \/>\n<meta property=\"og:site_name\" content=\"DuomoCenter | Trento\" \/>\n<meta property=\"article:publisher\" content=\"https:\/\/www.facebook.com\/duomocenter\" \/>\n<meta property=\"article:modified_time\" content=\"2015-11-09T17:20:12+00:00\" \/>\n<meta property=\"og:image\" content=\"https:\/\/www.duomocenter.com\/portal\/wp-content\/uploads\/2015\/08\/negozio1.png\" \/>\n\t<meta property=\"og:image:width\" content=\"256\" \/>\n\t<meta property=\"og:image:height\" content=\"256\" \/>\n\t<meta property=\"og:image:type\" content=\"image\/png\" \/>\n<meta name=\"twitter:card\" content=\"summary_large_image\" \/>\n<meta name=\"twitter:label1\" content=\"Tempo di lettura stimato\" \/>\n\t<meta name=\"twitter:data1\" content=\"1 minuto\" \/>\n<script type=\"application\/ld+json\" class=\"yoast-schema-graph\">{\"@context\":\"https:\\\/\\\/schema.org\",\"@graph\":[{\"@type\":\"WebPage\",\"@id\":\"https:\\\/\\\/www.duomocenter.com\\\/portal\\\/chi-siamo\\\/\",\"url\":\"https:\\\/\\\/www.duomocenter.com\\\/portal\\\/chi-siamo\\\/\",\"name\":\"Negozio - DuomoCenter | Trento\",\"isPartOf\":{\"@id\":\"https:\\\/\\\/www.duomocenter.com\\\/portal\\\/#website\"},\"primaryImageOfPage\":{\"@id\":\"https:\\\/\\\/www.duomocenter.com\\\/portal\\\/chi-siamo\\\/#primaryimage\"},\"image\":{\"@id\":\"https:\\\/\\\/www.duomocenter.com\\\/portal\\\/chi-siamo\\\/#primaryimage\"},\"thumbnailUrl\":\"http:\\\/\\\/www.duomocenter.com\\\/portal\\\/wp-content\\\/uploads\\\/2015\\\/08\\\/negozio1.png\",\"datePublished\":\"2015-08-14T14:48:12+00:00\",\"dateModified\":\"2015-11-09T17:20:12+00:00\",\"breadcrumb\":{\"@id\":\"https:\\\/\\\/www.duomocenter.com\\\/portal\\\/chi-siamo\\\/#breadcrumb\"},\"inLanguage\":\"it-IT\",\"potentialAction\":[{\"@type\":\"ReadAction\",\"target\":[\"https:\\\/\\\/www.duomocenter.com\\\/portal\\\/chi-siamo\\\/\"]}]},{\"@type\":\"ImageObject\",\"inLanguage\":\"it-IT\",\"@id\":\"https:\\\/\\\/www.duomocenter.com\\\/portal\\\/chi-siamo\\\/#primaryimage\",\"url\":\"http:\\\/\\\/www.duomocenter.com\\\/portal\\\/wp-content\\\/uploads\\\/2015\\\/08\\\/negozio1.png\",\"contentUrl\":\"http:\\\/\\\/www.duomocenter.com\\\/portal\\\/wp-content\\\/uploads\\\/2015\\\/08\\\/negozio1.png\",\"width\":256,\"height\":256},{\"@type\":\"BreadcrumbList\",\"@id\":\"https:\\\/\\\/www.duomocenter.com\\\/portal\\\/chi-siamo\\\/#breadcrumb\",\"itemListElement\":[{\"@type\":\"ListItem\",\"position\":1,\"name\":\"Home\",\"item\":\"https:\\\/\\\/www.duomocenter.com\\\/portal\\\/\"},{\"@type\":\"ListItem\",\"position\":2,\"name\":\"Negozio\"}]},{\"@type\":\"WebSite\",\"@id\":\"https:\\\/\\\/www.duomocenter.com\\\/portal\\\/#website\",\"url\":\"https:\\\/\\\/www.duomocenter.com\\\/portal\\\/\",\"name\":\"DuomoCenter | Trento\",\"description\":\"Un mondo di passione, colore e fantasia\",\"publisher\":{\"@id\":\"https:\\\/\\\/www.duomocenter.com\\\/portal\\\/#organization\"},\"potentialAction\":[{\"@type\":\"SearchAction\",\"target\":{\"@type\":\"EntryPoint\",\"urlTemplate\":\"https:\\\/\\\/www.duomocenter.com\\\/portal\\\/?s={search_term_string}\"},\"query-input\":{\"@type\":\"PropertyValueSpecification\",\"valueRequired\":true,\"valueName\":\"search_term_string\"}}],\"inLanguage\":\"it-IT\"},{\"@type\":\"Organization\",\"@id\":\"https:\\\/\\\/www.duomocenter.com\\\/portal\\\/#organization\",\"name\":\"DUOMO CENTER Snc di Chemolli Laura e Paolo & C.\",\"url\":\"https:\\\/\\\/www.duomocenter.com\\\/portal\\\/\",\"logo\":{\"@type\":\"ImageObject\",\"inLanguage\":\"it-IT\",\"@id\":\"https:\\\/\\\/www.duomocenter.com\\\/portal\\\/#\\\/schema\\\/logo\\\/image\\\/\",\"url\":\"https:\\\/\\\/www.duomocenter.com\\\/portal\\\/wp-content\\\/uploads\\\/2015\\\/08\\\/logo-blu-elettrico-con-torre-gialla1.png\",\"contentUrl\":\"https:\\\/\\\/www.duomocenter.com\\\/portal\\\/wp-content\\\/uploads\\\/2015\\\/08\\\/logo-blu-elettrico-con-torre-gialla1.png\",\"width\":4134,\"height\":1232,\"caption\":\"DUOMO CENTER Snc di Chemolli Laura e Paolo & C.\"},\"image\":{\"@id\":\"https:\\\/\\\/www.duomocenter.com\\\/portal\\\/#\\\/schema\\\/logo\\\/image\\\/\"},\"sameAs\":[\"https:\\\/\\\/www.facebook.com\\\/duomocenter\"]}]}<\/script>\n<!-- \/ Yoast SEO plugin. -->","yoast_head_json":{"title":"Negozio - DuomoCenter | Trento","robots":{"index":"index","follow":"follow","max-snippet":"max-snippet:-1","max-image-preview":"max-image-preview:large","max-video-preview":"max-video-preview:-1"},"canonical":"https:\/\/www.duomocenter.com\/portal\/chi-siamo\/","og_locale":"it_IT","og_type":"article","og_title":"Negozio - DuomoCenter | Trento","og_description":"Benvenuti al Duomo Center, in un mondo di passione, colore e fantasia\u2026 La nostra cartoleria \u00e8 principalmente a conduzione familiare, abbiamo iniziato questa avventura nel settembre del \u00a02000, cogliendo al volo un\u2019avventura, che ogni giorno viviamo intensamente. Grazie a preziosi e validi collaboratori la famiglia si \u00e8 allargata e il nostro staff \u00e8 pronto per [&hellip;]","og_url":"https:\/\/www.duomocenter.com\/portal\/chi-siamo\/","og_site_name":"DuomoCenter | Trento","article_publisher":"https:\/\/www.facebook.com\/duomocenter","article_modified_time":"2015-11-09T17:20:12+00:00","og_image":[{"width":256,"height":256,"url":"https:\/\/www.duomocenter.com\/portal\/wp-content\/uploads\/2015\/08\/negozio1.png","type":"image\/png"}],"twitter_card":"summary_large_image","twitter_misc":{"Tempo di lettura stimato":"1 minuto"},"schema":{"@context":"https:\/\/schema.org","@graph":[{"@type":"WebPage","@id":"https:\/\/www.duomocenter.com\/portal\/chi-siamo\/","url":"https:\/\/www.duomocenter.com\/portal\/chi-siamo\/","name":"Negozio - DuomoCenter | Trento","isPartOf":{"@id":"https:\/\/www.duomocenter.com\/portal\/#website"},"primaryImageOfPage":{"@id":"https:\/\/www.duomocenter.com\/portal\/chi-siamo\/#primaryimage"},"image":{"@id":"https:\/\/www.duomocenter.com\/portal\/chi-siamo\/#primaryimage"},"thumbnailUrl":"http:\/\/www.duomocenter.com\/portal\/wp-content\/uploads\/2015\/08\/negozio1.png","datePublished":"2015-08-14T14:48:12+00:00","dateModified":"2015-11-09T17:20:12+00:00","breadcrumb":{"@id":"https:\/\/www.duomocenter.com\/portal\/chi-siamo\/#breadcrumb"},"inLanguage":"it-IT","potentialAction":[{"@type":"ReadAction","target":["https:\/\/www.duomocenter.com\/portal\/chi-siamo\/"]}]},{"@type":"ImageObject","inLanguage":"it-IT","@id":"https:\/\/www.duomocenter.com\/portal\/chi-siamo\/#primaryimage","url":"http:\/\/www.duomocenter.com\/portal\/wp-content\/uploads\/2015\/08\/negozio1.png","contentUrl":"http:\/\/www.duomocenter.com\/portal\/wp-content\/uploads\/2015\/08\/negozio1.png","width":256,"height":256},{"@type":"BreadcrumbList","@id":"https:\/\/www.duomocenter.com\/portal\/chi-siamo\/#breadcrumb","itemListElement":[{"@type":"ListItem","position":1,"name":"Home","item":"https:\/\/www.duomocenter.com\/portal\/"},{"@type":"ListItem","position":2,"name":"Negozio"}]},{"@type":"WebSite","@id":"https:\/\/www.duomocenter.com\/portal\/#website","url":"https:\/\/www.duomocenter.com\/portal\/","name":"DuomoCenter | Trento","description":"Un mondo di passione, colore e fantasia","publisher":{"@id":"https:\/\/www.duomocenter.com\/portal\/#organization"},"potentialAction":[{"@type":"SearchAction","target":{"@type":"EntryPoint","urlTemplate":"https:\/\/www.duomocenter.com\/portal\/?s={search_term_string}"},"query-input":{"@type":"PropertyValueSpecification","valueRequired":true,"valueName":"search_term_string"}}],"inLanguage":"it-IT"},{"@type":"Organization","@id":"https:\/\/www.duomocenter.com\/portal\/#organization","name":"DUOMO CENTER Snc di Chemolli Laura e Paolo & C.","url":"https:\/\/www.duomocenter.com\/portal\/","logo":{"@type":"ImageObject","inLanguage":"it-IT","@id":"https:\/\/www.duomocenter.com\/portal\/#\/schema\/logo\/image\/","url":"https:\/\/www.duomocenter.com\/portal\/wp-content\/uploads\/2015\/08\/logo-blu-elettrico-con-torre-gialla1.png","contentUrl":"https:\/\/www.duomocenter.com\/portal\/wp-content\/uploads\/2015\/08\/logo-blu-elettrico-con-torre-gialla1.png","width":4134,"height":1232,"caption":"DUOMO CENTER Snc di Chemolli Laura e Paolo & C."},"image":{"@id":"https:\/\/www.duomocenter.com\/portal\/#\/schema\/logo\/image\/"},"sameAs":["https:\/\/www.facebook.com\/duomocenter"]}]}},"_links":{"self":[{"href":"http:\/\/www.duomocenter.com\/portal\/wp-json\/wp\/v2\/pages\/9","targetHints":{"allow":["GET"]}}],"collection":[{"href":"http:\/\/www.duomocenter.com\/portal\/wp-json\/wp\/v2\/pages"}],"about":[{"href":"http:\/\/www.duomocenter.com\/portal\/wp-json\/wp\/v2\/types\/page"}],"author":[{"embeddable":true,"href":"http:\/\/www.duomocenter.com\/portal\/wp-json\/wp\/v2\/users\/2"}],"replies":[{"embeddable":true,"href":"http:\/\/www.duomocenter.com\/portal\/wp-json\/wp\/v2\/comments?post=9"}],"version-history":[{"count":33,"href":"http:\/\/www.duomocenter.com\/portal\/wp-json\/wp\/v2\/pages\/9\/revisions"}],"predecessor-version":[{"id":163,"href":"http:\/\/www.duomocenter.com\/portal\/wp-json\/wp\/v2\/pages\/9\/revisions\/163"}],"wp:featuredmedia":[{"embeddable":true,"href":"http:\/\/www.duomocenter.com\/portal\/wp-json\/wp\/v2\/media\/136"}],"wp:attachment":[{"href":"http:\/\/www.duomocenter.com\/portal\/wp-json\/wp\/v2\/media?parent=9"}],"curies":[{"name":"wp","href":"https:\/\/api.w.org\/{rel}","templated":true}]}}